{"id":1181,"date":"2015-06-07T18:15:42","date_gmt":"2015-06-07T17:15:42","guid":{"rendered":"http:\/\/www.psnv-saarland.de\/?page_id=1181"},"modified":"2023-10-22T15:09:58","modified_gmt":"2023-10-22T14:09:58","slug":"presse-material","status":"publish","type":"page","link":"https:\/\/notfallseelsorge.saarland\/index.php\/download\/presse-material\/","title":{"rendered":"Presse-Material"},"content":{"rendered":"\n<p>Die folgenden Bilder stellen wir unentgeltlich zum Zweck der Berichterstattung \u00fcber die Notfallseelsorge und Krisenintervention Saarland e.V. in Print-Medien zur Verf\u00fcgung.<\/p>\n\n\n\n<div class=\"wp-block-columns is-layout-flex wp-container-core-columns-is-layout-28f84493 wp-block-columns-is-layout-flex\">\n<div class=\"wp-block-column is-layout-flow wp-block-column-is-layout-flow\">\n<figure class=\"wp-block-image alignleft\"><a href=\"http:\/\/www.psnv-saarland.de\/wp-content\/uploads\/6060858.jpg\"><img loading=\"lazy\" decoding=\"async\" width=\"300\" height=\"225\" src=\"http:\/\/www.psnv-saarland.de\/wp-content\/uploads\/6060858-300x225.jpg\" alt=\"Unerwarteter Tod von Angeh\u00f6rigen\" class=\"wp-image-1184\" srcset=\"https:\/\/notfallseelsorge.saarland\/wp-content\/uploads\/6060858-300x225.jpg 300w, https:\/\/notfallseelsorge.saarland\/wp-content\/uploads\/6060858-1024x768.jpg 1024w\" sizes=\"auto, (max-width: 300px) 100vw, 300px\" \/><\/a><figcaption class=\"wp-element-caption\">Beten? Tun wir auch &#8211; nur wenn wir von den Betroffenen darum gebeten werden. F\u00fcr viele Menschen ist das Gebet angesichts des Todes ein starkes inneres Bed\u00fcrfnis. Wir stellen auch gerne Kontakt zu Ortsgeistlichen her, die die weitere spirituelle Unterst\u00fctzung \u00fcbernehmen.<\/figcaption><\/figure>\n<\/div>\n\n\n\n<div class=\"wp-block-column is-layout-flow wp-block-column-is-layout-flow\">\n<figure class=\"wp-block-image alignleft\"><a href=\"http:\/\/www.psnv-saarland.de\/wp-content\/uploads\/6060941_v1.jpg\"><img loading=\"lazy\" decoding=\"async\" width=\"300\" height=\"225\" src=\"http:\/\/www.psnv-saarland.de\/wp-content\/uploads\/6060941_v1-300x225.jpg\" alt=\"Betreuung von Unverletzten\" class=\"wp-image-1167\" srcset=\"https:\/\/notfallseelsorge.saarland\/wp-content\/uploads\/6060941_v1-300x225.jpg 300w, https:\/\/notfallseelsorge.saarland\/wp-content\/uploads\/6060941_v1-1024x768.jpg 1024w\" sizes=\"auto, (max-width: 300px) 100vw, 300px\" \/><\/a><figcaption class=\"wp-element-caption\">Bei gr\u00f6\u00dferen Unf\u00e4llen \u00fcbernimmt die PSNV die Betreuung von unverletzten Betroffenen bis zum Zeitpunkt der &#8222;\u00dcberf\u00fchrung&#8220; in das soziale Netz (Familie, Freunde). Wir bieten keine Therapie an, sondern versuchen die &#8222;Selbstheilungskr\u00e4fte&#8220; der menschlichen Psyche zu aktivieren, damit keine Belastungsst\u00f6rung entstehen kann.<\/figcaption><\/figure>\n<\/div>\n\n\n\n<div class=\"wp-block-column is-layout-flow wp-block-column-is-layout-flow\">\n<figure class=\"wp-block-image alignleft\"><a href=\"http:\/\/www.psnv-saarland.de\/wp-content\/uploads\/6060915_v1.jpg\"><img loading=\"lazy\" decoding=\"async\" width=\"225\" height=\"300\" src=\"http:\/\/www.psnv-saarland.de\/wp-content\/uploads\/6060915_v1-225x300.jpg\" alt=\"Abschnittleiter PSNV\" class=\"wp-image-1163\" srcset=\"https:\/\/notfallseelsorge.saarland\/wp-content\/uploads\/6060915_v1-225x300.jpg 225w, https:\/\/notfallseelsorge.saarland\/wp-content\/uploads\/6060915_v1-768x1024.jpg 768w\" sizes=\"auto, (max-width: 225px) 100vw, 225px\" \/><\/a><figcaption class=\"wp-element-caption\">Psychosoziale Notfallversorgung ist ein eigener Dienst, der in der Gro\u00dfschadenslage eine eigene Struktur aufbaut (&#8222;Abschnitt PSNV&#8220;) und der direkt Gesamteinsatzleitung unterstellt ist.<\/figcaption><\/figure>\n<\/div>\n<\/div>\n\n\n\n<div class=\"wp-block-columns is-layout-flex wp-container-core-columns-is-layout-28f84493 wp-block-columns-is-layout-flex\">\n<div class=\"wp-block-column is-layout-flow wp-block-column-is-layout-flow\">\n<figure class=\"wp-block-image alignleft\"><a href=\"http:\/\/www.psnv-saarland.de\/wp-content\/uploads\/6060931_v2.jpg\"><img loading=\"lazy\" decoding=\"async\" width=\"300\" height=\"225\" src=\"http:\/\/www.psnv-saarland.de\/wp-content\/uploads\/6060931_v2-300x225.jpg\" alt=\"Wahrnehmung bei Belastungen.\" class=\"wp-image-1166\" srcset=\"https:\/\/notfallseelsorge.saarland\/wp-content\/uploads\/6060931_v2-300x225.jpg 300w, https:\/\/notfallseelsorge.saarland\/wp-content\/uploads\/6060931_v2-1024x768.jpg 1024w\" sizes=\"auto, (max-width: 300px) 100vw, 300px\" \/><\/a><figcaption class=\"wp-element-caption\">Die Wahrnehmung der Betroffenen ist oft &#8222;verschoben&#8220;. Die Situation wird wegen der psychischen Belastung im Nachhinein als &#8222;unwirklich&#8220; oder &#8222;verschwommen&#8220; beschrieben. Die vielen Informationen und Eindr\u00fccke k\u00f6nnen nicht direkt verarbeitet werden und bleiben als &#8222;Bilder im Kopf&#8220; noch l\u00e4ngere Zeit erhalten.<\/figcaption><\/figure>\n<\/div>\n\n\n\n<div class=\"wp-block-column is-layout-flow wp-block-column-is-layout-flow\">\n<figure class=\"wp-block-image alignleft\"><a href=\"http:\/\/www.psnv-saarland.de\/wp-content\/uploads\/6060907.jpg\"><img loading=\"lazy\" decoding=\"async\" width=\"225\" height=\"300\" src=\"http:\/\/www.psnv-saarland.de\/wp-content\/uploads\/6060907-225x300.jpg\" alt=\"PSNV-E\" class=\"wp-image-1176\" srcset=\"https:\/\/notfallseelsorge.saarland\/wp-content\/uploads\/6060907-225x300.jpg 225w, https:\/\/notfallseelsorge.saarland\/wp-content\/uploads\/6060907-768x1024.jpg 768w\" sizes=\"auto, (max-width: 225px) 100vw, 225px\" \/><\/a><figcaption class=\"wp-element-caption\">Innerhalb unserer Organisation gibt es Kolleginnen und Kollegen, die bereits im Rettungsdienst oder der Feuerwehr t\u00e4tig waren und speziell f\u00fcr die Unterst\u00fctzung von belasteten Einsatzkr\u00e4ften ausgebildet sind. Diesen Bereich nennt man Psychosoziale Notfallversorgung von Einsatzkr\u00e4ften (kurz: PSNV-E). Die Akuthilfe f\u00fcr Betroffene (Beteiligte, Angeh\u00f6rige, Augenzeugen) wird als PSNV-B bezeichnet.<\/figcaption><\/figure>\n<\/div>\n\n\n\n<div class=\"wp-block-column is-layout-flow wp-block-column-is-layout-flow\">\n<figure class=\"wp-block-image alignleft\"><a href=\"http:\/\/www.psnv-saarland.de\/wp-content\/uploads\/6061004_v1.jpg\" rel=\"attachment wp-att-1170\"><img loading=\"lazy\" decoding=\"async\" width=\"300\" height=\"225\" src=\"http:\/\/www.psnv-saarland.de\/wp-content\/uploads\/6061004_v1-300x225.jpg\" alt=\"Die Notfallseelsorge kommt aus \u00fcblicherweise nicht zum Einsatz, wo Rettungsdienst noch seine Aufgaben abarbeitet. W\u00fcnscht die Person, einen Seelsorger zu sprechen, versuchen wir einen solchen aus unseren Reihen zu rufen oder den Krankenhausseelsorger zu informieren.\" class=\"wp-image-1170\" srcset=\"https:\/\/notfallseelsorge.saarland\/wp-content\/uploads\/6061004_v1-300x225.jpg 300w, https:\/\/notfallseelsorge.saarland\/wp-content\/uploads\/6061004_v1-1024x768.jpg 1024w\" sizes=\"auto, (max-width: 300px) 100vw, 300px\" \/><\/a><figcaption class=\"wp-element-caption\">Die Notfallseelsorge kommt \u00fcblicherweise nicht zum Einsatz, wo Rettungsdienst noch seine Aufgaben abarbeitet. W\u00fcnscht die Person, einen Seelsorger zu sprechen, versuchen wir einen solchen aus unseren Reihen zu rufen oder den Krankenhausseelsorger zu informieren.<\/figcaption><\/figure>\n<\/div>\n<\/div>\n\n\n\n<p>Bei Fragen wenden Sie sich bitte an die <a href=\"\/index.php\/der-verein\/pressestelle\/\" data-type=\"page\" data-id=\"15\">Pressestelle<\/a>.<\/p>\n","protected":false},"excerpt":{"rendered":"<p>Die folgenden Bilder stellen wir unentgeltlich zum Zweck der Berichterstattung \u00fcber die Notfallseelsorge und Krisenintervention Saarland e.V. in Print-Medien zur Verf\u00fcgung. Bei Fragen wenden Sie sich bitte an die Pressestelle.<\/p>\n","protected":false},"author":5,"featured_media":0,"parent":19,"menu_order":0,"comment_status":"closed","ping_status":"open","template":"","meta":{"_eb_attr":"","_uag_custom_page_level_css":"","site-sidebar-layout":"default","site-content-layout":"","ast-site-content-layout":"default","site-content-style":"default","site-sidebar-style":"default","ast-global-header-display":"","ast-banner-title-visibility":"","ast-main-header-display":"","ast-hfb-above-header-display":"","ast-hfb-below-header-display":"","ast-hfb-mobile-header-display":"","site-post-title":"","ast-breadcrumbs-content":"","ast-featured-img":"","footer-sml-layout":"","theme-transparent-header-meta":"","adv-header-id-meta":"","stick-header-meta":"","header-above-stick-meta":"","header-main-stick-meta":"","header-below-stick-meta":"","astra-migrate-meta-layouts":"default","ast-page-background-enabled":"default","ast-page-background-meta":{"desktop":{"background-color":"var(--ast-global-color-4)","background-image":"","background-repeat":"repeat","background-position":"center center","background-size":"auto","background-attachment":"scroll","background-type":"","background-media":"","overlay-type":"","overlay-color":"","overlay-opacity":"","overlay-gradient":""},"tablet":{"background-color":"","background-image":"","background-repeat":"repeat","background-position":"center center","background-size":"auto","background-attachment":"scroll","background-type":"","background-media":"","overlay-type":"","overlay-color":"","overlay-opacity":"","overlay-gradient":""},"mobile":{"background-color":"","background-image":"","background-repeat":"repeat","background-position":"center center","background-size":"auto","background-attachment":"scroll","background-type":"","background-media":"","overlay-type":"","overlay-color":"","overlay-opacity":"","overlay-gradient":""}},"ast-content-background-meta":{"desktop":{"background-color":"var(--ast-global-color-5)","background-image":"","background-repeat":"repeat","background-position":"center center","background-size":"auto","background-attachment":"scroll","background-type":"","background-media":"","overlay-type":"","overlay-color":"","overlay-opacity":"","overlay-gradient":""},"tablet":{"background-color":"var(--ast-global-color-5)","background-image":"","background-repeat":"repeat","background-position":"center center","background-size":"auto","background-attachment":"scroll","background-type":"","background-media":"","overlay-type":"","overlay-color":"","overlay-opacity":"","overlay-gradient":""},"mobile":{"background-color":"var(--ast-global-color-5)","background-image":"","background-repeat":"repeat","background-position":"center center","background-size":"auto","background-attachment":"scroll","background-type":"","background-media":"","overlay-type":"","overlay-color":"","overlay-opacity":"","overlay-gradient":""}},"footnotes":""},"class_list":["post-1181","page","type-page","status-publish","hentry"],"uagb_featured_image_src":{"full":false,"thumbnail":false,"medium":false,"medium_large":false,"large":false,"1536x1536":false,"2048x2048":false},"uagb_author_info":{"display_name":"Robert Kolatzek","author_link":"https:\/\/notfallseelsorge.saarland\/index.php\/author\/rk\/"},"uagb_comment_info":0,"uagb_excerpt":"Die folgenden Bilder stellen wir unentgeltlich zum Zweck der Berichterstattung \u00fcber die Notfallseelsorge und Krisenintervention Saarland e.V. in Print-Medien zur Verf\u00fcgung. Bei Fragen wenden Sie sich bitte an die Pressestelle.","_links":{"self":[{"href":"https:\/\/notfallseelsorge.saarland\/index.php\/wp-json\/wp\/v2\/pages\/1181","targetHints":{"allow":["GET"]}}],"collection":[{"href":"https:\/\/notfallseelsorge.saarland\/index.php\/wp-json\/wp\/v2\/pages"}],"about":[{"href":"https:\/\/notfallseelsorge.saarland\/index.php\/wp-json\/wp\/v2\/types\/page"}],"author":[{"embeddable":true,"href":"https:\/\/notfallseelsorge.saarland\/index.php\/wp-json\/wp\/v2\/users\/5"}],"replies":[{"embeddable":true,"href":"https:\/\/notfallseelsorge.saarland\/index.php\/wp-json\/wp\/v2\/comments?post=1181"}],"version-history":[{"count":12,"href":"https:\/\/notfallseelsorge.saarland\/index.php\/wp-json\/wp\/v2\/pages\/1181\/revisions"}],"predecessor-version":[{"id":2036,"href":"https:\/\/notfallseelsorge.saarland\/index.php\/wp-json\/wp\/v2\/pages\/1181\/revisions\/2036"}],"up":[{"embeddable":true,"href":"https:\/\/notfallseelsorge.saarland\/index.php\/wp-json\/wp\/v2\/pages\/19"}],"wp:attachment":[{"href":"https:\/\/notfallseelsorge.saarland\/index.php\/wp-json\/wp\/v2\/media?parent=1181"}],"curies":[{"name":"wp","href":"https:\/\/api.w.org\/{rel}","templated":true}]}}