{"id":13,"date":"2008-03-19T11:33:05","date_gmt":"2008-03-19T10:33:05","guid":{"rendered":"http:\/\/www.psu-saarland.de\/index.php\/sie-wollen-mitarbeiten\/mitarbeit-in-nfskit\/"},"modified":"2025-10-05T16:14:33","modified_gmt":"2025-10-05T15:14:33","slug":"mitarbeit-in-psnv-akuthilfe","status":"publish","type":"page","link":"https:\/\/notfallseelsorge.saarland\/index.php\/mitarbeit-in-psnv-akuthilfe\/","title":{"rendered":"Mitarbeit in der PSNV-Akuthilfe"},"content":{"rendered":"\n<p>Die Mitarbeiter der Notfallseelsorge &amp; Krisenintervention Saarland&nbsp;e.&nbsp;V. sind ehrenamtlich t\u00e4tig und in regionalen Einsatzgruppen organisiert. Um Ihnen den f\u00fcr Sie zust\u00e4ndigen Ansprechpartner nennen zu k\u00f6nnen, ben\u00f6tigen wir Ihren Wohnort und Landkreis.<\/p>\n\n\n\n<figure class=\"wp-block-image alignright padding-2-ex\"><img decoding=\"async\" src=\"\/images\/bild_einsatz_9.jpg\" alt=\"Abschnittsleiter PSNV: die Vorgehensweise muss in Grp\u00dfschadenslage jeder Kraft bekannt sein\"\/><\/figure>\n\n\n\n<p>Die Voraussetzungen sind unterschiedlich. Das h\u00e4ngt von dem angestrebten Aufgabenfeld ab. Grunds\u00e4tzlich sind wir f\u00fcr jeden offen, der die Bereitschaft mitbringt sich einzubringen, sich fortzubilden und die lange Auswahl-, Ausbildungs- und Aufnahmeprozedur zu durchlaufen. Nat\u00fcrlich muss die Person auch in das bestehende Team passen.<\/p>\n\n\n\n<p>Wir erwarten von jemandem, der bereits f\u00fcr andere Hilfsorganisationen oder Feuerwehren t\u00e4tig ist und trotzdem in der Akuthilfe mitwirken m\u00f6chte, dass er seinen Schwerpunkt auf die Arbeit der Notfallseelsorge und Krisenintervention Saarland&nbsp;e.&nbsp;V. legt. Wir k\u00f6nnen unsere Aufgabe im Ernstfall nicht erf\u00fcllen, wenn wir Helfer alarmieren, die bereits anderweitig im Einsatz gebunden sind.<\/p>\n\n\n\n<p>Die Praxis hat allerdings gezeigt, dass eine Mitarbeit in der Notfallseelsorge und Krisenintervention bei anderen Hilfsorganisationen und Feuerwehren oft sehr willkommen ist.<\/p>\n\n\n\n<figure class=\"wp-block-image alignright padding-2-ex\"><img decoding=\"async\" src=\"\/images\/random\/random_12.jpg\" alt=\"Akutbetreuung - das kann drau\u00dfen passieren, z.B. auf der Stra\u00dfe\"\/><\/figure>\n\n\n\n<p>Wichtig ist dabei, dass f\u00fcr die betroffenen Helfer die Eins\u00e4tze der Notfallseelsorge und Krisenintervention Vorrang haben und dass diese Eins\u00e4tze in der daf\u00fcr vorgeschriebenen Einsatzkleidung durchgef\u00fchrt werden. Hierzu gen\u00fcgt es die entsprechend farblich gekennzeichnete \u00dcberwurfweste \u00fcber der vorhandenen Einsatzkleidung zu tragen.<\/p>\n\n\n\n<p>Wenn Sie bei uns mitarbeiten m\u00f6chten, m\u00fcssen Sie uns zun\u00e4chst eine Bewerbung schreiben. So k\u00f6nnen wir uns vorab ein Bild von Ihnen machen, was aufgrund des sehr sensiblen Aufgabenbereichs unumg\u00e4nglich ist. Schreiben Sie uns etwas \u00fcber sich, was uns dabei hilft Sie kennen zu lernen.<\/p>\n\n\n\n<div class=\"wp-block-columns is-layout-flex wp-container-core-columns-is-layout-28f84493 wp-block-columns-is-layout-flex\">\n<div class=\"wp-block-column is-layout-flow wp-block-column-is-layout-flow\" style=\"flex-basis:80%\">\n<h3 class=\"wp-block-heading\">1. Das Bewerbungsschreiben<\/h3>\n\n\n\n<p>Der <strong>Bewerbungsbogen<\/strong> hilft Ihnen dabei. W\u00e4hlen Sie dazu die gew\u00fcnschte Version.<\/p>\n\n\n\n<p><a href=\"http:\/\/www.psnv-saarland.de\/wp-content\/uploads\/BewerbungsbogenNoForm.rtf\">Bewerbungsbogen als RTF-Datei (Word)<\/a> oder <a href=\"http:\/\/www.psnv-saarland.de\/wp-content\/uploads\/BewerbungsbogenNoForm.rtf\">als <\/a><a href=\"http:\/\/www.psnv-saarland.de\/wp-content\/uploads\/BewerbungsbogenNoForm.rtf\">ODT-Datei (Open- bzw. Libre-Office)<\/a> oder als <a href=\"http:\/\/www.psnv-saarland.de\/wp-content\/uploads\/Anlage-a-Bewerbungsbogen-f%C3%BCr-Anw%C3%A4rter.pdf\" target=\"_blank\" rel=\"noopener noreferrer\">PDF (zum handschriftlichen Ausf\u00fcllen)<\/a><\/p>\n\n\n\n<p>Zudem sollten Sie noch alles erw\u00e4hnen, was wir Ihrer Meinung nach \u00fcber Sie wissen sollten.<\/p>\n\n\n\n<p>Wir verarbeiten Ihre personenbezogenen Daten auf der Grundlage einer &#8222;<em>vorvertragliche Ma\u00dfnahme<\/em>&#8220;&nbsp;nach Art. 6 Abs. 1 lit. b&nbsp;DSGVO. Mit dem Einsenden des Formulars geben Sie uns das Recht, Ihre Daten zum Zweck der Zulassung zur Ausbildung zu nutzen. Sollten Sie auf die Ausbildung verzichten, diese abbrechen oder nicht zugelassen werden, werden Ihre Daten umgehend gel\u00f6scht.<\/p>\n\n\n\n<h3 class=\"wp-block-heading\">2. Absenden<\/h3>\n\n\n\n<p>Schicken Sie Ihre Bewerbung per E-Mail an:<br><strong> bewerbung<\/strong> <em>[at]<\/em> <strong>notfallseelsorge.saarland<br><\/strong>(Handschriftliches per Post &#8211; Adresse finden Sie im <a href=\"http:\/\/www.psnv-saarland.de\/index.php\/impressum\/\" target=\"_blank\" rel=\"noopener noreferrer\">Impressum<\/a>)<strong><br><\/strong><\/p>\n\n\n\n<p><strong>F\u00fcr die Ausbildung im folgenden Kalenderjahr gilt ab 2025 der 30. November als Bewerbungsschluss (also z.B. der 30.11.2023 f\u00fcr das Ausbildungsjahr &#8222;2024&#8220;).<br><\/strong><\/p>\n\n\n\n<p>Ihre Bewerbung wird gepr\u00fcft, und nach einer gewissen Bearbeitungszeit wird sich das Ausbildungssekretariat mit Ihnen in Verbindung setzen. Ihre Unterlagen werden an Ihren k\u00fcnftigen Einatzgruppenleiter weiter gelietet.<\/p>\n<\/div>\n\n\n\n<div class=\"wp-block-column is-vertically-aligned-center is-layout-flow wp-block-column-is-layout-flow\" style=\"flex-basis:20%\">\n<figure class=\"wp-block-image size-large\"><a href=\"https:\/\/notfallseelsorge.saarland\/wp-content\/uploads\/psnv-Bewerbungsformular.png\"><img loading=\"lazy\" decoding=\"async\" width=\"1024\" height=\"1009\" src=\"https:\/\/notfallseelsorge.saarland\/wp-content\/uploads\/psnv-Bewerbungsformular-1024x1009.png\" alt=\"\" class=\"wp-image-1990\" srcset=\"https:\/\/notfallseelsorge.saarland\/wp-content\/uploads\/psnv-Bewerbungsformular-1024x1009.png 1024w, https:\/\/notfallseelsorge.saarland\/wp-content\/uploads\/psnv-Bewerbungsformular-300x296.png 300w, https:\/\/notfallseelsorge.saarland\/wp-content\/uploads\/psnv-Bewerbungsformular-768x757.png 768w, https:\/\/notfallseelsorge.saarland\/wp-content\/uploads\/psnv-Bewerbungsformular.png 1204w\" sizes=\"auto, (max-width: 1024px) 100vw, 1024px\" \/><\/a><figcaption class=\"wp-element-caption\"><em>Wir m\u00f6chten Sie kennen lernen.  Geben Sie uns einen kleinen Einblick in Ihre Lebensgeschichte und Ihre Motivation!<\/em><\/figcaption><\/figure>\n<\/div>\n<\/div>\n\n\n\n<h2 class=\"wp-block-heading\">Und so geht es weiter&#8230;<\/h2>\n\n\n\n<div class=\"wp-block-columns is-layout-flex wp-container-core-columns-is-layout-28f84493 wp-block-columns-is-layout-flex\">\n<div class=\"wp-block-column is-layout-flow wp-block-column-is-layout-flow\" style=\"flex-basis:80%\">\n<h3 class=\"wp-block-heading\">3. Bewerbungsgespr\u00e4che<\/h3>\n\n\n\n<p>Bei Bedarf und Eignung folgen dann zwei Einzelgespr\u00e4che: mit dem Teamleiter der Gruppe, in der Sie&nbsp; mitarbeiten werden und mit dem Ausbildungleiter bzw. seinem Stellvertreter. (Den Ersten macht mit Ihnen der Teamleiter noch vor November aus, den Zweiten schl\u00e4gt das Ausbildungssekretariat in Form einer Liste ab Oktober\/November vor.)<\/p>\n\n\n\n<h3 class=\"wp-block-heading\">4. Ausbildung<\/h3>\n\n\n\n<p>Bei Zustimmung durch das Team und den Ausbildungsleiter werden Sie eingeladen, an der Ausbildung teilzunehmen. Diese finden einmal im Jahr statt und beginnt \u00fcblicherweise im Januar. Es folgen dann theoretische und praktische Ausbildungsbl\u00f6cke. Danach erhalten Sie den Status &#8222;Notfallbegleiter&#8220; und k\u00f6nnen unterst\u00fctzend an PSNV Eins\u00e4tzen teilnehmen. Es folgt eine l\u00e4ngere Praktikumszeit (Einsatzbegleitung).<\/p>\n\n\n\n<p>Sowie Sie die schriftliche, m\u00fcndliche und praktischen Pr\u00fcfungseins\u00e4tze bestanden haben, Ihre Ausbilder, der Leiter Ihrer Einsatzgruppe und Sie selbst der Meinung sind, dass Sie alleine Eins\u00e4tze \u00fcbernehmen k\u00f6nnen, erhalten Sie den Status einer PSNV Fachkraft und k\u00f6nnen eigenverantwortlich PSNV Eins\u00e4tze im Saarland \u00fcbernehmen.<\/p>\n<\/div>\n\n\n\n<div class=\"wp-block-column is-vertically-aligned-center is-layout-flow wp-block-column-is-layout-flow\" style=\"flex-basis:20%\">\n<figure class=\"wp-block-image alignright size-medium padding-2-ex\"><a href=\"https:\/\/notfallseelsorge.saarland\/wp-content\/uploads\/E510__6101293_v2-scaled.jpg\"><img loading=\"lazy\" decoding=\"async\" width=\"224\" height=\"300\" src=\"https:\/\/notfallseelsorge.saarland\/wp-content\/uploads\/E510__6101293_v2-224x300.jpg\" alt=\"Aus einer \u00dcbung: Eine Kollegin spricht mit einem weinenden Kind\" class=\"wp-image-1977\" srcset=\"https:\/\/notfallseelsorge.saarland\/wp-content\/uploads\/E510__6101293_v2-224x300.jpg 224w, https:\/\/notfallseelsorge.saarland\/wp-content\/uploads\/E510__6101293_v2-763x1024.jpg 763w, https:\/\/notfallseelsorge.saarland\/wp-content\/uploads\/E510__6101293_v2-768x1030.jpg 768w, https:\/\/notfallseelsorge.saarland\/wp-content\/uploads\/E510__6101293_v2-1145x1536.jpg 1145w, https:\/\/notfallseelsorge.saarland\/wp-content\/uploads\/E510__6101293_v2-1527x2048.jpg 1527w, https:\/\/notfallseelsorge.saarland\/wp-content\/uploads\/E510__6101293_v2-scaled.jpg 1908w\" sizes=\"auto, (max-width: 224px) 100vw, 224px\" \/><\/a><figcaption class=\"wp-element-caption\"><em>Am Ende der Ausbildung steht die &#8222;Lizenz zum Tr\u00f6sten&#8220;<\/em><\/figcaption><\/figure>\n<\/div>\n<\/div>\n\n\n\n<h4 class=\"wp-block-heading\">Kontakt mit der Stelle f\u00fcr Ausbildung<\/h4>\n\n\n\n<div class=\"wpcf7 no-js\" id=\"wpcf7-f1378-o1\" lang=\"de-DE\" dir=\"ltr\" data-wpcf7-id=\"1378\">\n<div class=\"screen-reader-response\"><p role=\"status\" aria-live=\"polite\" aria-atomic=\"true\"><\/p> <ul><\/ul><\/div>\n<form action=\"\/index.php\/wp-json\/wp\/v2\/pages\/13#wpcf7-f1378-o1\" method=\"post\" class=\"wpcf7-form init\" aria-label=\"Kontaktformular\" enctype=\"multipart\/form-data\" novalidate=\"novalidate\" data-status=\"init\">\n<fieldset class=\"hidden-fields-container\"><input type=\"hidden\" name=\"_wpcf7\" value=\"1378\" \/><input type=\"hidden\" name=\"_wpcf7_version\" value=\"6.1.5\" \/><input type=\"hidden\" name=\"_wpcf7_locale\" value=\"de_DE\" \/><input type=\"hidden\" name=\"_wpcf7_unit_tag\" value=\"wpcf7-f1378-o1\" \/><input type=\"hidden\" name=\"_wpcf7_container_post\" value=\"0\" \/><input type=\"hidden\" name=\"_wpcf7_posted_data_hash\" value=\"\" \/><input type=\"hidden\" name=\"_wpcf7_recaptcha_response\" value=\"\" \/>\n<\/fieldset>\n<p>Ihr Name (Pflichtfeld)\n<\/p>\n<p><span class=\"wpcf7-form-control-wrap\" data-name=\"your-name\"><input size=\"40\" maxlength=\"400\" class=\"wpcf7-form-control wpcf7-text wpcf7-validates-as-required\" aria-required=\"true\" aria-invalid=\"false\" value=\"\" type=\"text\" name=\"your-name\" \/><\/span>\n<\/p>\n<p>Ihre E-Mail-Adresse (Pflichtfeld)\n<\/p>\n<p><span class=\"wpcf7-form-control-wrap\" data-name=\"your-email\"><input size=\"40\" maxlength=\"400\" class=\"wpcf7-form-control wpcf7-email wpcf7-validates-as-required wpcf7-text wpcf7-validates-as-email\" aria-required=\"true\" aria-invalid=\"false\" value=\"\" type=\"email\" name=\"your-email\" \/><\/span>\n<\/p>\n<p>Betreff (Pflichtfeld)\n<\/p>\n<p><span class=\"wpcf7-form-control-wrap\" data-name=\"your-subject\"><input size=\"40\" maxlength=\"400\" class=\"wpcf7-form-control wpcf7-text wpcf7-validates-as-required\" aria-required=\"true\" aria-invalid=\"false\" value=\"\" type=\"text\" name=\"your-subject\" \/><\/span>\n<\/p>\n<p>Ihre Nachricht (Pflichtfeld)\n<\/p>\n<p><span class=\"wpcf7-form-control-wrap\" data-name=\"your-message\"><textarea cols=\"40\" rows=\"10\" maxlength=\"2000\" class=\"wpcf7-form-control wpcf7-textarea wpcf7-validates-as-required\" aria-required=\"true\" aria-invalid=\"false\" name=\"your-message\"><\/textarea><\/span>\n<\/p>\n<p><br \/>\n\n<\/p>\n<p>Datei anh\u00e4ngen: <span class=\"wpcf7-form-control-wrap\" data-name=\"file-902\"><input size=\"40\" class=\"wpcf7-form-control wpcf7-file\" accept=\"audio\/*,video\/*,image\/*\" aria-invalid=\"false\" type=\"file\" name=\"file-902\" \/><\/span>\n<\/p>\n<p><input class=\"wpcf7-form-control wpcf7-submit has-spinner\" type=\"submit\" value=\"Senden\" \/>\n<\/p><div class=\"wpcf7-response-output\" aria-hidden=\"true\"><\/div>\n<\/form>\n<\/div>\n\n","protected":false},"excerpt":{"rendered":"<p>Die Mitarbeiter der Notfallseelsorge &amp; Krisenintervention Saarland&nbsp;e.&nbsp;V. sind ehrenamtlich t\u00e4tig und in regionalen Einsatzgruppen organisiert. Um Ihnen den f\u00fcr Sie zust\u00e4ndigen Ansprechpartner nennen zu k\u00f6nnen, ben\u00f6tigen wir Ihren Wohnort und Landkreis. Die Voraussetzungen sind unterschiedlich. Das h\u00e4ngt von dem angestrebten Aufgabenfeld ab. Grunds\u00e4tzlich sind wir f\u00fcr jeden offen, der die Bereitschaft mitbringt sich einzubringen, sich [&hellip;]<\/p>\n","protected":false},"author":2,"featured_media":0,"parent":0,"menu_order":86,"comment_status":"closed","ping_status":"open","template":"","meta":{"_eb_attr":"","_uag_custom_page_level_css":"","site-sidebar-layout":"default","site-content-layout":"","ast-site-content-layout":"default","site-content-style":"default","site-sidebar-style":"default","ast-global-header-display":"","ast-banner-title-visibility":"","ast-main-header-display":"","ast-hfb-above-header-display":"","ast-hfb-below-header-display":"","ast-hfb-mobile-header-display":"","site-post-title":"","ast-breadcrumbs-content":"","ast-featured-img":"","footer-sml-layout":"","theme-transparent-header-meta":"","adv-header-id-meta":"","stick-header-meta":"","header-above-stick-meta":"","header-main-stick-meta":"","header-below-stick-meta":"","astra-migrate-meta-layouts":"default","ast-page-background-enabled":"default","ast-page-background-meta":{"desktop":{"background-color":"var(--ast-global-color-4)","background-image":"","background-repeat":"repeat","background-position":"center center","background-size":"auto","background-attachment":"scroll","background-type":"","background-media":"","overlay-type":"","overlay-color":"","overlay-opacity":"","overlay-gradient":""},"tablet":{"background-color":"","background-image":"","background-repeat":"repeat","background-position":"center center","background-size":"auto","background-attachment":"scroll","background-type":"","background-media":"","overlay-type":"","overlay-color":"","overlay-opacity":"","overlay-gradient":""},"mobile":{"background-color":"","background-image":"","background-repeat":"repeat","background-position":"center center","background-size":"auto","background-attachment":"scroll","background-type":"","background-media":"","overlay-type":"","overlay-color":"","overlay-opacity":"","overlay-gradient":""}},"ast-content-background-meta":{"desktop":{"background-color":"var(--ast-global-color-5)","background-image":"","background-repeat":"repeat","background-position":"center center","background-size":"auto","background-attachment":"scroll","background-type":"","background-media":"","overlay-type":"","overlay-color":"","overlay-opacity":"","overlay-gradient":""},"tablet":{"background-color":"var(--ast-global-color-5)","background-image":"","background-repeat":"repeat","background-position":"center center","background-size":"auto","background-attachment":"scroll","background-type":"","background-media":"","overlay-type":"","overlay-color":"","overlay-opacity":"","overlay-gradient":""},"mobile":{"background-color":"var(--ast-global-color-5)","background-image":"","background-repeat":"repeat","background-position":"center center","background-size":"auto","background-attachment":"scroll","background-type":"","background-media":"","overlay-type":"","overlay-color":"","overlay-opacity":"","overlay-gradient":""}},"footnotes":""},"class_list":["post-13","page","type-page","status-publish","hentry"],"uagb_featured_image_src":{"full":false,"thumbnail":false,"medium":false,"medium_large":false,"large":false,"1536x1536":false,"2048x2048":false},"uagb_author_info":{"display_name":"Ingo Vigneron","author_link":"https:\/\/notfallseelsorge.saarland\/index.php\/author\/ingo\/"},"uagb_comment_info":0,"uagb_excerpt":"Die Mitarbeiter der Notfallseelsorge &amp; Krisenintervention Saarland&nbsp;e.&nbsp;V. sind ehrenamtlich t\u00e4tig und in regionalen Einsatzgruppen organisiert. Um Ihnen den f\u00fcr Sie zust\u00e4ndigen Ansprechpartner nennen zu k\u00f6nnen, ben\u00f6tigen wir Ihren Wohnort und Landkreis. Die Voraussetzungen sind unterschiedlich. Das h\u00e4ngt von dem angestrebten Aufgabenfeld ab. Grunds\u00e4tzlich sind wir f\u00fcr jeden offen, der die Bereitschaft mitbringt sich einzubringen, sich&hellip;","_links":{"self":[{"href":"https:\/\/notfallseelsorge.saarland\/index.php\/wp-json\/wp\/v2\/pages\/13","targetHints":{"allow":["GET"]}}],"collection":[{"href":"https:\/\/notfallseelsorge.saarland\/index.php\/wp-json\/wp\/v2\/pages"}],"about":[{"href":"https:\/\/notfallseelsorge.saarland\/index.php\/wp-json\/wp\/v2\/types\/page"}],"author":[{"embeddable":true,"href":"https:\/\/notfallseelsorge.saarland\/index.php\/wp-json\/wp\/v2\/users\/2"}],"replies":[{"embeddable":true,"href":"https:\/\/notfallseelsorge.saarland\/index.php\/wp-json\/wp\/v2\/comments?post=13"}],"version-history":[{"count":36,"href":"https:\/\/notfallseelsorge.saarland\/index.php\/wp-json\/wp\/v2\/pages\/13\/revisions"}],"predecessor-version":[{"id":2237,"href":"https:\/\/notfallseelsorge.saarland\/index.php\/wp-json\/wp\/v2\/pages\/13\/revisions\/2237"}],"wp:attachment":[{"href":"https:\/\/notfallseelsorge.saarland\/index.php\/wp-json\/wp\/v2\/media?parent=13"}],"curies":[{"name":"wp","href":"https:\/\/api.w.org\/{rel}","templated":true}]}}