{"id":15,"date":"2008-03-19T13:02:20","date_gmt":"2008-03-19T12:02:20","guid":{"rendered":"http:\/\/www.psu-saarland.de\/index.php\/pressestelle\/"},"modified":"2023-11-30T12:49:22","modified_gmt":"2023-11-30T11:49:22","slug":"pressestelle","status":"publish","type":"page","link":"https:\/\/notfallseelsorge.saarland\/index.php\/der-verein\/pressestelle\/","title":{"rendered":"Pressestelle"},"content":{"rendered":"\n<p><\/p>\n\n\n\n\n<div class=\"wpcf7 no-js\" id=\"wpcf7-f976-o1\" lang=\"de-DE\" dir=\"ltr\" data-wpcf7-id=\"976\">\n<div class=\"screen-reader-response\"><p role=\"status\" aria-live=\"polite\" aria-atomic=\"true\"><\/p> <ul><\/ul><\/div>\n<form action=\"\/index.php\/wp-json\/wp\/v2\/pages\/15#wpcf7-f976-o1\" method=\"post\" class=\"wpcf7-form init\" aria-label=\"Kontaktformular\" enctype=\"multipart\/form-data\" novalidate=\"novalidate\" data-status=\"init\">\n<fieldset class=\"hidden-fields-container\"><input type=\"hidden\" name=\"_wpcf7\" value=\"976\" \/><input type=\"hidden\" name=\"_wpcf7_version\" value=\"6.1.5\" \/><input type=\"hidden\" name=\"_wpcf7_locale\" value=\"de_DE\" \/><input type=\"hidden\" name=\"_wpcf7_unit_tag\" value=\"wpcf7-f976-o1\" \/><input type=\"hidden\" name=\"_wpcf7_container_post\" value=\"0\" \/><input type=\"hidden\" name=\"_wpcf7_posted_data_hash\" value=\"\" \/><input type=\"hidden\" name=\"_wpcf7_recaptcha_response\" value=\"\" \/>\n<\/fieldset>\n<p>Sie wollen Kontakt mit unserem Verein aufnehmen und haben ein Anliegen, das eine Antwort nicht sofort erfordert? Dann sind Sie hier richtig.\n<\/p>\n<p>Wir kl\u00e4ren f\u00fcr Sie die Sachverhalte und beantworten Ihre Fragen gerne. Auf diesem Wege erreichen Sie auch den Vorstand des Vereins.\n<\/p>\n<p>Ihr Name (Pflichtfeld)\n<\/p>\n<p><span class=\"wpcf7-form-control-wrap\" data-name=\"your-name\"><input size=\"40\" maxlength=\"400\" class=\"wpcf7-form-control wpcf7-text wpcf7-validates-as-required\" aria-required=\"true\" aria-invalid=\"false\" value=\"\" type=\"text\" name=\"your-name\" \/><\/span>\n<\/p>\n<p>Ihre E-Mail-Adresse (Pflichtfeld)\n<\/p>\n<p><span class=\"wpcf7-form-control-wrap\" data-name=\"your-email\"><input size=\"40\" maxlength=\"400\" class=\"wpcf7-form-control wpcf7-email wpcf7-validates-as-required wpcf7-text wpcf7-validates-as-email\" aria-required=\"true\" aria-invalid=\"false\" value=\"\" type=\"email\" name=\"your-email\" \/><\/span>\n<\/p>\n<p>Betreff (Pflichtfeld)\n<\/p>\n<p><span class=\"wpcf7-form-control-wrap\" data-name=\"your-subject\"><input size=\"40\" maxlength=\"400\" class=\"wpcf7-form-control wpcf7-text wpcf7-validates-as-required\" aria-required=\"true\" aria-invalid=\"false\" value=\"\" type=\"text\" name=\"your-subject\" \/><\/span>\n<\/p>\n<p>Ihre Nachricht (Pflichtfeld)\n<\/p>\n<p><span class=\"wpcf7-form-control-wrap\" data-name=\"your-message\"><textarea cols=\"40\" rows=\"10\" maxlength=\"2000\" class=\"wpcf7-form-control wpcf7-textarea wpcf7-validates-as-required\" aria-required=\"true\" aria-invalid=\"false\" name=\"your-message\"><\/textarea><\/span>\n<\/p>\n<p>Datei anh\u00e4ngen: <span class=\"wpcf7-form-control-wrap\" data-name=\"file-527\"><input size=\"40\" class=\"wpcf7-form-control wpcf7-file\" accept=\"audio\/*,video\/*,image\/*\" aria-invalid=\"false\" type=\"file\" name=\"file-527\" \/><\/span>\n<\/p>\n<p>Tragen Sie bitte diesen Text ein:<br \/>\n\n<\/p>\n<p><input class=\"wpcf7-form-control wpcf7-submit has-spinner\" type=\"submit\" value=\"Senden\" \/>\n<\/p><div class=\"wpcf7-response-output\" aria-hidden=\"true\"><\/div>\n<\/form>\n<\/div>\n\n\n\n\n<p><span style=\"text-decoration: underline;\">Ihr direkter Kontakt ist<\/span>:<\/p>\n\n\n\n<p><strong>Dr. Robert Kolatzek<\/strong><br>\u00d6ffentlichkeitsarbeit<\/p>\n\n\n\n<p>Email: <strong>presse <\/strong><em>[at]<\/em><strong> notfallseelsorge.saarland <\/strong>oder<strong> robert.kolatzek <\/strong>[at]<strong> psnv-saarland.de<br><\/strong><\/p>\n\n\n\n<p>\u00dcbertragen Sie die Email-Adresse bitte von Hand, ersetzen Sie das <em><strong>[at]<\/strong><\/em> mit dem <strong>@<\/strong> Zeichen und entfernen Sie alle Leerzeichen. Wir bitten um Verst\u00e4ndnis, wir ver\u00f6ffentlichen unsere Email-Adresse nicht im Klartext, um uns vor automatisierter Email-Werbung zu sch\u00fctzen.<\/p>\n\n\n\n<p><a href=\"http:\/\/www.psnv-saarland.de\/index.php\/download\/presse-material\/\">Die Pressemappe mit Bildern und Kurztexten finden Sie hier<\/a>.<\/p>\n","protected":false},"excerpt":{"rendered":"<p>Ihr direkter Kontakt ist: Dr. Robert Kolatzek\u00d6ffentlichkeitsarbeit Email: presse [at] notfallseelsorge.saarland oder robert.kolatzek [at] psnv-saarland.de \u00dcbertragen Sie die Email-Adresse bitte von Hand, ersetzen Sie das [at] mit dem @ Zeichen und entfernen Sie alle Leerzeichen. Wir bitten um Verst\u00e4ndnis, wir ver\u00f6ffentlichen unsere Email-Adresse nicht im Klartext, um uns vor automatisierter Email-Werbung zu sch\u00fctzen. Die Pressemappe [&hellip;]<\/p>\n","protected":false},"author":2,"featured_media":0,"parent":998,"menu_order":130,"comment_status":"closed","ping_status":"open","template":"","meta":{"_eb_attr":"","_uag_custom_page_level_css":"","site-sidebar-layout":"default","site-content-layout":"","ast-site-content-layout":"default","site-content-style":"default","site-sidebar-style":"default","ast-global-header-display":"","ast-banner-title-visibility":"","ast-main-header-display":"","ast-hfb-above-header-display":"","ast-hfb-below-header-display":"","ast-hfb-mobile-header-display":"","site-post-title":"","ast-breadcrumbs-content":"","ast-featured-img":"","footer-sml-layout":"","theme-transparent-header-meta":"","adv-header-id-meta":"","stick-header-meta":"","header-above-stick-meta":"","header-main-stick-meta":"","header-below-stick-meta":"","astra-migrate-meta-layouts":"default","ast-page-background-enabled":"default","ast-page-background-meta":{"desktop":{"background-color":"var(--ast-global-color-4)","background-image":"","background-repeat":"repeat","background-position":"center center","background-size":"auto","background-attachment":"scroll","background-type":"","background-media":"","overlay-type":"","overlay-color":"","overlay-opacity":"","overlay-gradient":""},"tablet":{"background-color":"","background-image":"","background-repeat":"repeat","background-position":"center center","background-size":"auto","background-attachment":"scroll","background-type":"","background-media":"","overlay-type":"","overlay-color":"","overlay-opacity":"","overlay-gradient":""},"mobile":{"background-color":"","background-image":"","background-repeat":"repeat","background-position":"center center","background-size":"auto","background-attachment":"scroll","background-type":"","background-media":"","overlay-type":"","overlay-color":"","overlay-opacity":"","overlay-gradient":""}},"ast-content-background-meta":{"desktop":{"background-color":"var(--ast-global-color-5)","background-image":"","background-repeat":"repeat","background-position":"center center","background-size":"auto","background-attachment":"scroll","background-type":"","background-media":"","overlay-type":"","overlay-color":"","overlay-opacity":"","overlay-gradient":""},"tablet":{"background-color":"var(--ast-global-color-5)","background-image":"","background-repeat":"repeat","background-position":"center center","background-size":"auto","background-attachment":"scroll","background-type":"","background-media":"","overlay-type":"","overlay-color":"","overlay-opacity":"","overlay-gradient":""},"mobile":{"background-color":"var(--ast-global-color-5)","background-image":"","background-repeat":"repeat","background-position":"center center","background-size":"auto","background-attachment":"scroll","background-type":"","background-media":"","overlay-type":"","overlay-color":"","overlay-opacity":"","overlay-gradient":""}},"footnotes":""},"class_list":["post-15","page","type-page","status-publish","hentry"],"uagb_featured_image_src":{"full":false,"thumbnail":false,"medium":false,"medium_large":false,"large":false,"1536x1536":false,"2048x2048":false},"uagb_author_info":{"display_name":"Ingo Vigneron","author_link":"https:\/\/notfallseelsorge.saarland\/index.php\/author\/ingo\/"},"uagb_comment_info":0,"uagb_excerpt":"Ihr direkter Kontakt ist: Dr. Robert Kolatzek\u00d6ffentlichkeitsarbeit Email: presse [at] notfallseelsorge.saarland oder robert.kolatzek [at] psnv-saarland.de \u00dcbertragen Sie die Email-Adresse bitte von Hand, ersetzen Sie das [at] mit dem @ Zeichen und entfernen Sie alle Leerzeichen. Wir bitten um Verst\u00e4ndnis, wir ver\u00f6ffentlichen unsere Email-Adresse nicht im Klartext, um uns vor automatisierter Email-Werbung zu sch\u00fctzen. Die Pressemappe&hellip;","_links":{"self":[{"href":"https:\/\/notfallseelsorge.saarland\/index.php\/wp-json\/wp\/v2\/pages\/15","targetHints":{"allow":["GET"]}}],"collection":[{"href":"https:\/\/notfallseelsorge.saarland\/index.php\/wp-json\/wp\/v2\/pages"}],"about":[{"href":"https:\/\/notfallseelsorge.saarland\/index.php\/wp-json\/wp\/v2\/types\/page"}],"author":[{"embeddable":true,"href":"https:\/\/notfallseelsorge.saarland\/index.php\/wp-json\/wp\/v2\/users\/2"}],"replies":[{"embeddable":true,"href":"https:\/\/notfallseelsorge.saarland\/index.php\/wp-json\/wp\/v2\/comments?post=15"}],"version-history":[{"count":17,"href":"https:\/\/notfallseelsorge.saarland\/index.php\/wp-json\/wp\/v2\/pages\/15\/revisions"}],"predecessor-version":[{"id":2054,"href":"https:\/\/notfallseelsorge.saarland\/index.php\/wp-json\/wp\/v2\/pages\/15\/revisions\/2054"}],"up":[{"embeddable":true,"href":"https:\/\/notfallseelsorge.saarland\/index.php\/wp-json\/wp\/v2\/pages\/998"}],"wp:attachment":[{"href":"https:\/\/notfallseelsorge.saarland\/index.php\/wp-json\/wp\/v2\/media?parent=15"}],"curies":[{"name":"wp","href":"https:\/\/api.w.org\/{rel}","templated":true}]}}