{"id":7,"date":"2008-01-10T12:45:29","date_gmt":"2008-01-10T11:45:29","guid":{"rendered":"http:\/\/www.psu-saarland.de\/index.php\/psu-an-der-einsatzstelle\/"},"modified":"2016-07-24T21:04:18","modified_gmt":"2016-07-24T20:04:18","slug":"psnv-an-der-einsatzstelle","status":"publish","type":"page","link":"https:\/\/notfallseelsorge.saarland\/index.php\/einsatzgebiete\/psnv-an-der-einsatzstelle\/","title":{"rendered":"Akuthilfe f\u00fcr Betroffene"},"content":{"rendered":"<p>Informationen f\u00fcr Einsatzkr\u00e4fte und Betroffene<\/p>\n<p><img loading=\"lazy\" decoding=\"async\" src=\"\/images\/bild_einsatz_10.jpg\" alt=\"Einsatz Material\" width=\"157\" height=\"157\" align=\"right\" hspace=\"10\" vspace=\"10\" \/>Psychosoziale Notfallversorgung in der Akuthilfe (Notfallseelsorge und Krisenintervention) ist als \u201eErste Hilfe f\u00fcr die Seele\u201c zu verstehen. W\u00e4hrend Einsatzkr\u00e4fte Erfahrung im Umgang mit Extremsituationen und Notf\u00e4llen erlangt haben, werden Betroffene in den meisten F\u00e4llen v\u00f6llig unvorbereitet aus ihrem t\u00e4glichen Leben gerissen. Sie reagieren auf unterschiedlichste Arten, und es kann sehr leicht zu einer lang anhaltenden psychischen Belastung kommen.<\/p>\n<p><!--more-->Unsere Einsatzgruppen werden im Rahmen der Akuthilfe bei Notf\u00e4llen t\u00e4tig. Die Zielgruppen sind:<\/p>\n<p>1. <strong>Prim\u00e4r Betroffene<\/strong><br \/>\n(Sie sind direkt in das Ereignis verwickelt, so z. B.: Opfer, Ersthelfer)<\/p>\n<p>2. <strong>Sekund\u00e4r Betroffene<\/strong><br \/>\n(Sie sind indirekt in das Ereignis verwickelt, so z. B.: Zeugen)<\/p>\n<p>3. <strong>Terti\u00e4r Betroffene<\/strong><br \/>\n(Sie werden nachtr\u00e4glich in das Ereignis verwickelt, so z. B.: Angeh\u00f6rige von prim\u00e4r oder sekund\u00e4r Betroffenen)<\/p>\n<p>Durch die Begleitung von Betroffenen an der Einsatzstelle soll diesen beim Umgang mit der extremen Situation geholfen werden. Dies geschieht in erster Linie durch eine gezielte Gespr\u00e4chsf\u00fchrung und Beratung vor Ort. Die Betroffenen haben dadurch einen permanenten und kompetenten Ansprechpartner.<\/p>\n<p>Diese Begleitung kann sich auf die Weitergabe von wichtigen Informationen und Erkl\u00e4rung von Abl\u00e4ufen beschr\u00e4nken. Sie kann aber auch soweit gehen, bis das soziale, gesellschaftliche oder famili\u00e4re \u201eNetz\u201c der Betroffenen greift.<\/p>\n<p><img decoding=\"async\" src=\"\/images\/bild_einsatz_13.jpg\" alt=\"Einsatz ManV\" align=\"middle\" \/><\/p>\n<p>Klassische Eins\u00e4tze im Rahmen der Akuthilfe sind z.B. folgende:<\/p>\n<ul>\n<li>Betreuung von Opfern w\u00e4hrend der Rettung und Wartezeiten<\/li>\n<li>Betreuung von Betroffenen an der Einsatzstelle<\/li>\n<li>Betreuung von Betroffenen nach erfolgloser Reanimation<\/li>\n<li>Betreuung von Betroffenen bei dem Tod von Kindern<\/li>\n<li>Betreuung von Betroffenen bei Suizidabsicht (Person droht\u2026)<\/li>\n<li>Betreuung von Betroffenen nach Suizid<\/li>\n<li>Betreuung von Betroffenen an einem Tatort<\/li>\n<li>\u00dcberbringung von Todesnachrichten mit der Polizei<\/li>\n<li>Unterst\u00fctzung der Abt. Opferschutz der Polizei<\/li>\n<li>Unterst\u00fctzung der Verhandlungsgruppe des Landeskriminalamts<\/li>\n<\/ul>\n<p>Die Mitarbeiter der Notfallseelsorge &amp; Krisenintervention Saarland e. V. sind eine Unterst\u00fctzungskomponente und k\u00f6nnen von den Betroffenen \u00fcber die Einsatzkr\u00e4fte der Polizei, Feuewehr und des Rettungsdiensts angefordert werden.<\/p>\n<p>Die Angebote f\u00fcr Einsatzkr\u00e4fte werden von den Nachsorgeeinheiten der Abteilung f\u00fcr &#8222;Psychosoziale Notfallversorgung f\u00fcr Einsatzkr\u00e4fte&#8220; (PSNV-E) durchgef\u00fchrt. Diese Aufgabe erfordert eine Spezielle Qualifikation. Siehe auch: <a href=\"http:\/\/www.psnv-saarland.de\/index.php\/einsatzgebiete\/psnv-fur-einsatzkrafte\/\">PSNV f\u00fcr Einsatzkr\u00e4fte<\/a>.<\/p>\n<p>Dieser \u00dcberblick wurde zusammengestellt von:<\/p>\n<p>Ingo Vigneron<\/p>\n<h3>Anfragen nehmen wir \u00fcber dieses Formular entgegen<\/h3>\n\n<div class=\"wpcf7 no-js\" id=\"wpcf7-f928-o1\" lang=\"de-DE\" dir=\"ltr\" data-wpcf7-id=\"928\">\n<div class=\"screen-reader-response\"><p role=\"status\" aria-live=\"polite\" aria-atomic=\"true\"><\/p> <ul><\/ul><\/div>\n<form action=\"\/index.php\/wp-json\/wp\/v2\/pages\/7#wpcf7-f928-o1\" method=\"post\" class=\"wpcf7-form init\" aria-label=\"Kontaktformular\" novalidate=\"novalidate\" data-status=\"init\">\n<fieldset class=\"hidden-fields-container\"><input type=\"hidden\" name=\"_wpcf7\" value=\"928\" \/><input type=\"hidden\" name=\"_wpcf7_version\" value=\"6.1.5\" \/><input type=\"hidden\" name=\"_wpcf7_locale\" value=\"de_DE\" \/><input type=\"hidden\" name=\"_wpcf7_unit_tag\" value=\"wpcf7-f928-o1\" \/><input type=\"hidden\" name=\"_wpcf7_container_post\" value=\"0\" \/><input type=\"hidden\" name=\"_wpcf7_posted_data_hash\" value=\"\" \/><input type=\"hidden\" name=\"_wpcf7_recaptcha_response\" value=\"\" \/>\n<\/fieldset>\n<p>Bitte beachten Sie: Die Leitungsgruppe ist eine Kontaktgruppe f\u00fcr \u00c4mter und Beh\u00f6rden oder Landesbeauftragte PSNV anderer Bundesl\u00e4nder. Sie ist weder der Vorstand des Vereins noch ein Weg f\u00fcr die Alarmierung.\n<\/p>\n<p>Ihr Name (Pflichtfeld)\n<\/p>\n<p><span class=\"wpcf7-form-control-wrap\" data-name=\"your-name\"><input size=\"40\" maxlength=\"400\" class=\"wpcf7-form-control wpcf7-text wpcf7-validates-as-required\" aria-required=\"true\" aria-invalid=\"false\" value=\"\" type=\"text\" name=\"your-name\" \/><\/span>\n<\/p>\n<p>Ihre E-Mail-Adresse (Pflichtfeld)\n<\/p>\n<p><span class=\"wpcf7-form-control-wrap\" data-name=\"your-email\"><input size=\"40\" maxlength=\"400\" class=\"wpcf7-form-control wpcf7-email wpcf7-validates-as-required wpcf7-text wpcf7-validates-as-email\" aria-required=\"true\" aria-invalid=\"false\" value=\"\" type=\"email\" name=\"your-email\" \/><\/span>\n<\/p>\n<p>(Optional) Ihre Telefonnummer\n<\/p>\n<p><span class=\"wpcf7-form-control-wrap\" data-name=\"tel-150\"><input size=\"40\" maxlength=\"400\" class=\"wpcf7-form-control wpcf7-tel wpcf7-text wpcf7-validates-as-tel\" aria-invalid=\"false\" value=\"\" type=\"tel\" name=\"tel-150\" \/><\/span>\n<\/p>\n<p>Betreff\n<\/p>\n<p><span class=\"wpcf7-form-control-wrap\" data-name=\"your-subject\"><input size=\"40\" maxlength=\"400\" class=\"wpcf7-form-control wpcf7-text\" aria-invalid=\"false\" value=\"\" type=\"text\" name=\"your-subject\" \/><\/span>\n<\/p>\n<p>Ihre Nachricht\n<\/p>\n<p><span class=\"wpcf7-form-control-wrap\" data-name=\"your-message\"><textarea cols=\"40\" rows=\"10\" maxlength=\"2000\" class=\"wpcf7-form-control wpcf7-textarea wpcf7-validates-as-required\" aria-required=\"true\" aria-invalid=\"false\" name=\"your-message\"><\/textarea><\/span>\n<\/p>\n<p><br \/>\n\n<\/p>\n<p><input class=\"wpcf7-form-control wpcf7-submit has-spinner\" type=\"submit\" value=\"Senden\" \/>\n<\/p><div class=\"wpcf7-response-output\" aria-hidden=\"true\"><\/div>\n<\/form>\n<\/div>\n\n<h3>Alternativ k\u00f6nnen Sie uns eine E-Mail senden<\/h3>\n<p><span style=\"text-decoration: underline;\">Email<\/span>: <strong>leitungsgruppe<\/strong> <em>[at]<\/em> <strong>psnv &#8211; saarland . de<\/strong><\/p>\n<p>\u00dcbertragen Sie die E-Mail-Adresse bitte von Hand, ersetzen Sie das <em><strong>[at]<\/strong><\/em> mit dem <strong>@<\/strong> Zeichen und entfernen Sie alle Leerzeichen. Wir bitten um Verst\u00e4ndnis, wir ver\u00f6ffentlichen unsere E-Mail-Adresse nicht im Klartext, um uns vor automatisierter E-Mail-Werbung zu sch\u00fctzen.<\/p>\n","protected":false},"excerpt":{"rendered":"<p>Informationen f\u00fcr Einsatzkr\u00e4fte und Betroffene Psychosoziale Notfallversorgung in der Akuthilfe (Notfallseelsorge und Krisenintervention) ist als \u201eErste Hilfe f\u00fcr die Seele\u201c zu verstehen. W\u00e4hrend Einsatzkr\u00e4fte Erfahrung im Umgang mit Extremsituationen und Notf\u00e4llen erlangt haben, werden Betroffene in den meisten F\u00e4llen v\u00f6llig unvorbereitet aus ihrem t\u00e4glichen Leben gerissen. Sie reagieren auf unterschiedlichste Arten, und es kann sehr [&hellip;]<\/p>\n","protected":false},"author":2,"featured_media":0,"parent":1002,"menu_order":20,"comment_status":"closed","ping_status":"open","template":"","meta":{"_eb_attr":"","_uag_custom_page_level_css":"","site-sidebar-layout":"default","site-content-layout":"","ast-site-content-layout":"default","site-content-style":"default","site-sidebar-style":"default","ast-global-header-display":"","ast-banner-title-visibility":"","ast-main-header-display":"","ast-hfb-above-header-display":"","ast-hfb-below-header-display":"","ast-hfb-mobile-header-display":"","site-post-title":"","ast-breadcrumbs-content":"","ast-featured-img":"","footer-sml-layout":"","theme-transparent-header-meta":"","adv-header-id-meta":"","stick-header-meta":"","header-above-stick-meta":"","header-main-stick-meta":"","header-below-stick-meta":"","astra-migrate-meta-layouts":"default","ast-page-background-enabled":"default","ast-page-background-meta":{"desktop":{"background-color":"var(--ast-global-color-4)","background-image":"","background-repeat":"repeat","background-position":"center center","background-size":"auto","background-attachment":"scroll","background-type":"","background-media":"","overlay-type":"","overlay-color":"","overlay-opacity":"","overlay-gradient":""},"tablet":{"background-color":"","background-image":"","background-repeat":"repeat","background-position":"center center","background-size":"auto","background-attachment":"scroll","background-type":"","background-media":"","overlay-type":"","overlay-color":"","overlay-opacity":"","overlay-gradient":""},"mobile":{"background-color":"","background-image":"","background-repeat":"repeat","background-position":"center center","background-size":"auto","background-attachment":"scroll","background-type":"","background-media":"","overlay-type":"","overlay-color":"","overlay-opacity":"","overlay-gradient":""}},"ast-content-background-meta":{"desktop":{"background-color":"var(--ast-global-color-5)","background-image":"","background-repeat":"repeat","background-position":"center center","background-size":"auto","background-attachment":"scroll","background-type":"","background-media":"","overlay-type":"","overlay-color":"","overlay-opacity":"","overlay-gradient":""},"tablet":{"background-color":"var(--ast-global-color-5)","background-image":"","background-repeat":"repeat","background-position":"center center","background-size":"auto","background-attachment":"scroll","background-type":"","background-media":"","overlay-type":"","overlay-color":"","overlay-opacity":"","overlay-gradient":""},"mobile":{"background-color":"var(--ast-global-color-5)","background-image":"","background-repeat":"repeat","background-position":"center center","background-size":"auto","background-attachment":"scroll","background-type":"","background-media":"","overlay-type":"","overlay-color":"","overlay-opacity":"","overlay-gradient":""}},"footnotes":""},"class_list":["post-7","page","type-page","status-publish","hentry"],"uagb_featured_image_src":{"full":false,"thumbnail":false,"medium":false,"medium_large":false,"large":false,"1536x1536":false,"2048x2048":false},"uagb_author_info":{"display_name":"Ingo Vigneron","author_link":"https:\/\/notfallseelsorge.saarland\/index.php\/author\/ingo\/"},"uagb_comment_info":0,"uagb_excerpt":"Informationen f\u00fcr Einsatzkr\u00e4fte und Betroffene Psychosoziale Notfallversorgung in der Akuthilfe (Notfallseelsorge und Krisenintervention) ist als \u201eErste Hilfe f\u00fcr die Seele\u201c zu verstehen. W\u00e4hrend Einsatzkr\u00e4fte Erfahrung im Umgang mit Extremsituationen und Notf\u00e4llen erlangt haben, werden Betroffene in den meisten F\u00e4llen v\u00f6llig unvorbereitet aus ihrem t\u00e4glichen Leben gerissen. Sie reagieren auf unterschiedlichste Arten, und es kann sehr&hellip;","_links":{"self":[{"href":"https:\/\/notfallseelsorge.saarland\/index.php\/wp-json\/wp\/v2\/pages\/7","targetHints":{"allow":["GET"]}}],"collection":[{"href":"https:\/\/notfallseelsorge.saarland\/index.php\/wp-json\/wp\/v2\/pages"}],"about":[{"href":"https:\/\/notfallseelsorge.saarland\/index.php\/wp-json\/wp\/v2\/types\/page"}],"author":[{"embeddable":true,"href":"https:\/\/notfallseelsorge.saarland\/index.php\/wp-json\/wp\/v2\/users\/2"}],"replies":[{"embeddable":true,"href":"https:\/\/notfallseelsorge.saarland\/index.php\/wp-json\/wp\/v2\/comments?post=7"}],"version-history":[{"count":15,"href":"https:\/\/notfallseelsorge.saarland\/index.php\/wp-json\/wp\/v2\/pages\/7\/revisions"}],"predecessor-version":[{"id":1343,"href":"https:\/\/notfallseelsorge.saarland\/index.php\/wp-json\/wp\/v2\/pages\/7\/revisions\/1343"}],"up":[{"embeddable":true,"href":"https:\/\/notfallseelsorge.saarland\/index.php\/wp-json\/wp\/v2\/pages\/1002"}],"wp:attachment":[{"href":"https:\/\/notfallseelsorge.saarland\/index.php\/wp-json\/wp\/v2\/media?parent=7"}],"curies":[{"name":"wp","href":"https:\/\/api.w.org\/{rel}","templated":true}]}}